 43*c - 582. Let d(f) = 14*f - 193. Let o(r) = -7*d(r) + 2*w(r). What is the hundreds digit of o(-32)?
5
Suppose -217 = 5*s - 747. Let w(p) = -p**2 - 48*p + 122. Let x be w(3). Let d = x + s. What is the units digit of d?
5
Let u = 21832 + -10580. What is the hundreds digit of u?
2
Suppose -6*s + 50 = -s. Suppose 44 + 6 = s*j. What is the units digit of j?
5
Suppose -a = -0*a - 5*p - 860, -3*a - p + 2660 = 0. Let l be (-4)/(-24) + (a/(-18) - -1). Let g = l + 98. What is the tens digit of g?
5
What is the thousands digit of (-32)/2304*-12 - (-49090)/12?
4
Let h(i) = -i**3 - 15*i**2 - 18*i + 2. Let z be h(-14). Let t = -56 + z. Suppose -k = t*k - 144. What is the tens digit of k?
4
Suppose -5*n + v + 4164 = 0, -1818 = -2*n + v - 156. What is the tens digit of n?
3
Let p = -342 - -75. Let m = p + 479. What is the hundreds digit of m?
2
Suppose 20*m - 62257 = 25783. What is the units digit of m?
2
Suppose -k = 5*g - 4701, 2*g - 2638 = 2*k - 12052. What is the units digit of k?
6
Suppose 72*f = 28*f + 18*f + 331812. What is the units digit of f?
2
Let r be (4*-2)/(-91 - -89). Suppose 0 = 2*x - 3*d - 3702, 8*x - 7426 = r*x - 5*d. What is the tens digit of x?
5
Let n be 1*((-1)/2 - 316/(-8)). Let u = n - 23. Suppose -1338 = -u*l + 1638. What is the tens digit of l?
8
Let l = 742 + 30132. What is the tens digit of l?
7
Suppose -118 = 17*y - 16*y. Suppose -29 + 433 = -2*i. Let x = y - i. What is the tens digit of x?
8
Let v(k) = 7*k**2 - 89*k - 26. Let h be v(13). Suppose -5*y + n + 8085 = h, 0 = -y - 5*n + 871 + 772. What is the thousands digit of y?
1
Let y = 871 + -6408. What is the tens digit of 14/182 + y/(-13)?
2
Let g be ((-8)/12)/((-2)/147). Suppose -g*f + 46*f = -105. Suppose 1 + f = n. What is the tens digit of n?
3
Let q be 1/(1/(-3))*1 + 3. Suppose q = -l - 5*k + 6, -2*l + 4*k = l - 18. What is the tens digit of 1581/21 + l/(-21)?
7
Let t = 233 - -226. Suppose -22*j + t = -2665. What is the units digit of j?
2
What is the hundreds digit of 148/(-5 + 252/49)?
0
Suppose -j = 6 - 7. Let q be (-916)/(-20) + j/5. Let c = 3 + q. What is the tens digit of c?
4
Suppose 4*k = 7*k - 9. Suppose k*w - 24 = 3*v + w, -32 = 4*v - 4*w. Let i(c) = -c**2 - 8*c + 1. What is the units digit of i(v)?
1
Let x = 252 + -876. Let d = -326 - x. What is the hundreds digit of d?
2
Let i be 2 + 4 - (-2 + 7 + 1). What is the tens digit of 3/((-24)/32)*(i + -82)?
2
Let i = 814 - 815. What is the tens digit of ((-8)/12)/(2/(-3801)) - i?
6
Let r(t) = 3*t - 3. Let x(y) = -y. Let g(m) = r(m) + 6*x(m). Let w be g(-12). Suppose -v = -j + w, 0 = j - 4*j + v + 105. What is the units digit of j?
6
Suppose 4*x - 6153 + 26981 = 2*a, 0 = 2*a - 2*x - 20814. What is the tens digit of a?
0
Suppose 22*s + 1302 - 378 = 0. What is the units digit of 422*(-7)/s*3?
1
Suppose 11*g - 76 = 34. What is the tens digit of (408/10)/(g/150)?
1
Let y be 18/14 + (-30)/105. Let c = 108 + -52. Let g = y + c. What is the tens digit of g?
5
Let l(t) be the second derivative of -t**5/20 - t**4/3 - t**3/2 + 9*t**2/2 + 141*t. Suppose 30 = -2*p - 3*p. What is the tens digit of l(p)?
9
Suppose 4*q = -19 - 29. Let r = q - -79. Suppose c - 2*c = -r. What is the units digit of c?
7
Suppose -17*j - 12307 = -43315. What is the tens digit of j?
2
Let x = 6735 + 22269. What is the hundreds digit of x?
0
Suppose 43*t - 24472 = 39*t. What is the units digit of t?
8
Suppose -2*r + 4*m - 157 = -49, 0 = -r - 4*m - 36. Let g = r - -57. Let f = g - -60. What is the units digit of f?
9
Suppose 3*k - 3*d = -k + 25242, -5*d - 10 = 0. What is the thousands digit of k?
6
Suppose -80195 - 137384 = -7*g - 3*q, 2*q = 8. What is the ten thousands digit of g?
3
Let v(m) = m**2 - 7*m - 10. Let z be v(-4). Let a = 39 - z. Suppose k - a*y - 50 = 0, -k - 3*k + 3*y + 285 = 0. What is the units digit of k?
5
Let i = 353 - 346. What is the hundreds digit of (i - 8)/((-5)/850)?
1
Suppose -15*v + 50353 + 35837 = 0. What is the units digit of v?
6
Suppose 5*c + 2*d - 198 = 0, -5*c + 5*d = -55 - 150. Suppose -2*q - c - 22 = 4*v, -q = -5*v - 74. Let x(i) = -3*i - 19. What is the tens digit of x(v)?
2
Let z(i) = -36*i + 1. Let g(x) = x + 3. Let j(t) = -1. Let m(u) = g(u) + 4*j(u). Let y be m(0). What is the units digit of z(y)?
7
Let c(z) = z**3 - 77*z**2 - 193*z + 860. What is the thousands digit of c(80)?
4
Let g = -267 - -426. Let t = g - -190. Suppose -7*s + t = 34. What is the units digit of s?
5
Let c be (-2516)/85*2/((-8)/110). Let d = c - 557. What is the tens digit of d?
5
Let j(t) be the second derivative of 2/3*t**3 + 25/12*t**4 + t**2 + 0 - 11*t. What is the tens digit of j(-1)?
2
Suppose 5*t - 4*t = -y + 3567, -2*t = y - 7136. What is the hundreds digit of t?
5
Let s(j) = -90*j - 15. Let l = -142 + 139. Let p be s(l). Let c = -138 + p. What is the tens digit of c?
1
Let b(d) be the second derivative of 3*d**5/10 - d**4/6 + d**3/6 - 2*d**2 + 8*d. Let n be b(2). Let a = 193 - n. What is the units digit of a?
5
Suppose 0 = 41*n - 26*n - 28890. Suppose -o - b + n = 3*b, 0 = o - 3*b - 1947. What is the units digit of o?
8
Let r(x) = 4*x**3 + 105*x**2 + 18*x + 5. Suppose -25 = z - b, -4*b + 9 + 13 = -z. What is the tens digit of r(z)?
1
Let c = 75 + -235. What is the tens digit of ((-41)/(-4))/((-965)/c + -6)?
2
Suppose -3*s - 2*u = 692, s + 37 = 5*u - 205. Let g = s - -299. What is the tens digit of g?
6
Let o = -708 + 1580. Let z = -311 + o. What is the units digit of z?
1
Let d be (13/(-26))/(1/(-788)). Suppose 3*m - m + d = 0. Let u = 285 + m. What is the units digit of u?
8
Suppose -h - 3*t = 199, 0*t + 3*t = 3*h + 561. Let x = 520 + h. What is the tens digit of x?
3
Let s(i) = 90*i**3 - 37*i**2 - 6*i. What is the hundreds digit of s(4)?
1
Suppose 26 = 3*u + 581. Let j = 126 + u. Let i = j - -68. What is the units digit of i?
9
Suppose -223815 + 719671 = 68*a. What is the thousands digit of a?
7
Let k be (-106)/(4 - 5) + 1. Suppose k = 3*o - 196. What is the hundreds digit of o?
1
Let i(f) be the first derivative of 5*f**2/2 + 82*f + 81. What is the units digit of i(34)?
2
Let r(z) = 3*z + 6. Let x be r(7). Suppose -4*n + 325 + x = 0. What is the units digit of n?
8
Suppose -5*z + 7 = 27, 0 = -2*t - 5*z + 23290. What is the thousands digit of t?
1
Let r = -9136 - -9133. Let x(d) = -d + 3. Let t be x(3). What is the tens digit of r/(t + 3) - -76?
7
What is the ten thousands digit of 7 - (3459 - 2)/1*-3?
1
Let b(y) = -71*y**3 + 8*y**2 + 23*y + 17. What is the thousands digit of b(-5)?
8
Let i be (-3)/(-2)*26/(-39). Let k be i/(-3) - (-240)/(-72). What is the units digit of 3/(-6)*k*46?
9
What is the units digit of (-14)/(-119) + 1012160/170 + 6?
0
Suppose -g + 63*k = 68*k - 25574, 0 = 2*g + k - 51193. What is the tens digit of g?
9
Let m = 14637 - -3106. What is the ten thousands digit of m?
1
Suppose 33184 = 5*a - 3*t - 5593, -t = -4*a + 31016. What is the thousands digit of a?
7
Let v(d) = -17*d**3 - 3*d**2 - 3*d. Suppose 14*x - 4 = 18*x. Let g be (1/3)/(10/12 + x). What is the tens digit of v(g)?
3
Let z(b) = -b**2 + 18*b - 43. Let h be z(3). Suppose -5*f - p = -8, p + h = 4*f + 4*p. What is the units digit of f?
2
Suppose -24*r = -28*r - y + 7731, -2*y = -5*r + 9654. What is the units digit of r?
2
Let h(n) = 232*n**2 - 219*n**2 - 14*n + 10 - 11. What is the tens digit of h(11)?
1
Let b(q) = q**2 + 25*q + 155. Let s be b(-14). What is the tens digit of 126/(21/7) - s?
4
Suppose 5*d = 5*o + 45, -2*o + 3 = 6*d - 11. Let h(n) = -n**2 - 8*n + 8. Let c be h(-9). What is the hundreds digit of 256*3/(c + d)?
2
Suppose h - 4*x + 176768 = 6*h, -176726 = -5*h + 2*x. What is the units digit of h?
8
Suppose -3*w + 4*i + 43 = 14, -3*i + 8 = 2*w. What is the tens digit of w/(-105)*3 + (-1705)/(-25)?
6
Let f(a) = 104*a**2 - 55*a - 134. Let p(m) = -53*m**2 + 27*m + 67. Let l(v) = -4*f(v) - 9*p(v). What is the thousands digit of l(-5)?
1
Let x(i) = 7*i**3 - 37*i**2 + 47*i - 893. What is the thousands digit of x(16)?
9
Let q(t) = 8*t**3 + 8*t**2 - 166*t + 29. What is the ten thousands digit of q(13)?
1
Let p = -7 - -1. Let c(m) = 2*m**2 + 0*m**2 - 8*m - 11 - 5*m**2 + 5*m**2. What is the tens digit of c(p)?
0
Suppose 5*n = 3*m - 230888, 3*n + 3*n = 4*m - 307848. What is the tens digit of m?
5
Let t(b) = 8*b**3 - 10*b**2 + 42*b - 5. Let j = -273 